{"id":4035,"date":"2023-08-23T23:20:47","date_gmt":"2023-08-24T02:20:47","guid":{"rendered":"https:\/\/promovanainternet.com.br\/goncalvesebruxellas-com-br\/?page_id=4035"},"modified":"2023-08-27T00:40:17","modified_gmt":"2023-08-27T03:40:17","slug":"nosso-ambiente","status":"publish","type":"page","link":"https:\/\/promovanainternet.com.br\/goncalvesebruxellas-com-br\/nosso-ambiente\/","title":{"rendered":"Nosso Ambiente"},"content":{"rendered":"\t\t<div data-elementor-type=\"wp-page\" data-elementor-id=\"4035\" class=\"elementor elementor-4035\" data-elementor-post-type=\"page\">\n\t\t\t\t<div class=\"elementor-element elementor-element-87bb6e9 e-flex e-con-boxed e-con e-parent\" data-id=\"87bb6e9\" data-element_type=\"container\" data-e-type=\"container\" data-settings=\"{&quot;background_background&quot;:&quot;classic&quot;}\">\n\t\t\t\t\t<div class=\"e-con-inner\">\n\t\t\t\t<div class=\"elementor-element elementor-element-5d35b83 elementor-widget__width-initial elementor-invisible elementor-widget elementor-widget-image-box\" data-id=\"5d35b83\" data-element_type=\"widget\" data-e-type=\"widget\" data-settings=\"{&quot;_animation&quot;:&quot;fadeInUp&quot;}\" data-widget_type=\"image-box.default\">\n\t\t\t\t<div class=\"elementor-widget-container\">\n\t\t\t\t\t<div class=\"elementor-image-box-wrapper\"><div class=\"elementor-image-box-content\"><h1 class=\"elementor-image-box-title\">Conhe\u00e7a nosso escrit\u00f3rio<\/h1><p class=\"elementor-image-box-description\">Podemos ajud\u00e1-lo a atingir seus objetivos\ncom sucesso.<\/p><\/div><\/div>\t\t\t\t<\/div>\n\t\t\t\t<\/div>\n\t\t\t\t\t<\/div>\n\t\t\t\t<\/div>\n\t\t<div class=\"elementor-element elementor-element-24e21e4 elementor-hidden-desktop elementor-hidden-tablet elementor-hidden-mobile e-flex e-con-boxed e-con e-parent\" data-id=\"24e21e4\" data-element_type=\"container\" data-e-type=\"container\">\n\t\t\t\t\t<div class=\"e-con-inner\">\n\t\t\t\t<div class=\"elementor-element elementor-element-e5e1873 elementor-widget__width-initial elementor-invisible elementor-widget elementor-widget-image-box\" data-id=\"e5e1873\" data-element_type=\"widget\" data-e-type=\"widget\" data-settings=\"{&quot;_animation&quot;:&quot;fadeInUp&quot;}\" data-widget_type=\"image-box.default\">\n\t\t\t\t<div class=\"elementor-widget-container\">\n\t\t\t\t\t<div class=\"elementor-image-box-wrapper\"><div class=\"elementor-image-box-content\"><h1 class=\"elementor-image-box-title\">Conhe\u00e7a nosso escrit\u00f3rio<\/h1><p class=\"elementor-image-box-description\">Podemos ajud\u00e1-lo a atingir seus objetivos\ncom sucesso.<\/p><\/div><\/div>\t\t\t\t<\/div>\n\t\t\t\t<\/div>\n\t\t\t\t<div class=\"elementor-element elementor-element-b0b1062 elementor-widget elementor-widget-gallery\" data-id=\"b0b1062\" data-element_type=\"widget\" data-e-type=\"widget\" data-settings=\"{&quot;gallery_layout&quot;:&quot;justified&quot;,&quot;ideal_row_height&quot;:{&quot;unit&quot;:&quot;px&quot;,&quot;size&quot;:390,&quot;sizes&quot;:[]},&quot;lazyload&quot;:&quot;yes&quot;,&quot;ideal_row_height_tablet&quot;:{&quot;unit&quot;:&quot;px&quot;,&quot;size&quot;:150,&quot;sizes&quot;:[]},&quot;ideal_row_height_mobile&quot;:{&quot;unit&quot;:&quot;px&quot;,&quot;size&quot;:150,&quot;sizes&quot;:[]},&quot;gap&quot;:{&quot;unit&quot;:&quot;px&quot;,&quot;size&quot;:10,&quot;sizes&quot;:[]},&quot;gap_tablet&quot;:{&quot;unit&quot;:&quot;px&quot;,&quot;size&quot;:10,&quot;sizes&quot;:[]},&quot;gap_mobile&quot;:{&quot;unit&quot;:&quot;px&quot;,&quot;size&quot;:10,&quot;sizes&quot;:[]},&quot;link_to&quot;:&quot;file&quot;,&quot;overlay_background&quot;:&quot;yes&quot;,&quot;content_hover_animation&quot;:&quot;fade-in&quot;}\" data-widget_type=\"gallery.default\">\n\t\t\t\t<div class=\"elementor-widget-container\">\n\t\t\t\t\t\t\t<div class=\"elementor-gallery__container\">\n\t\t\t\t\t\t\t<a class=\"e-gallery-item elementor-gallery-item elementor-animated-content\" href=\"https:\/\/promovanainternet.com.br\/goncalvesebruxellas-com-br\/wp-content\/uploads\/sites\/5\/goncalves-e-bruxelas-advocacia-1-e1688655205414.jpg\" data-elementor-open-lightbox=\"yes\" data-elementor-lightbox-slideshow=\"b0b1062\" data-elementor-lightbox-title=\"goncalves-e-bruxelas-advocacia (1)\" data-e-action-hash=\"#elementor-action%3Aaction%3Dlightbox%26settings%3DeyJpZCI6MzY1MCwidXJsIjoiaHR0cHM6XC9cL3Byb21vdmFuYWludGVybmV0LmNvbS5iclwvZ29uY2FsdmVzZWJydXhlbGxhcy1jb20tYnJcL3dwLWNvbnRlbnRcL3VwbG9hZHNcL3NpdGVzXC81XC9nb25jYWx2ZXMtZS1icnV4ZWxhcy1hZHZvY2FjaWEtMS1lMTY4ODY1NTIwNTQxNC5qcGciLCJzbGlkZXNob3ciOiJiMGIxMDYyIn0%3D\">\n\t\t\t\t\t<div class=\"e-gallery-image elementor-gallery-item__image\" data-thumbnail=\"https:\/\/promovanainternet.com.br\/goncalvesebruxellas-com-br\/wp-content\/uploads\/sites\/5\/goncalves-e-bruxelas-advocacia-1-e1688655205414-800x406.jpg\" data-width=\"800\" data-height=\"406\" aria-label=\"\" role=\"img\" ><\/div>\n\t\t\t\t\t\t\t\t\t\t\t<div class=\"elementor-gallery-item__overlay\"><\/div>\n\t\t\t\t\t\t\t\t\t\t\t\t\t\t<\/a>\n\t\t\t\t\t\t\t<a class=\"e-gallery-item elementor-gallery-item elementor-animated-content\" href=\"https:\/\/promovanainternet.com.br\/goncalvesebruxellas-com-br\/wp-content\/uploads\/sites\/5\/goncalves-e-bruxelas-advocacia-3.jpg\" data-elementor-open-lightbox=\"yes\" data-elementor-lightbox-slideshow=\"b0b1062\" data-elementor-lightbox-title=\"goncalves-e-bruxelas-advocacia (3)\" data-e-action-hash=\"#elementor-action%3Aaction%3Dlightbox%26settings%3DeyJpZCI6MzY1MiwidXJsIjoiaHR0cHM6XC9cL3Byb21vdmFuYWludGVybmV0LmNvbS5iclwvZ29uY2FsdmVzZWJydXhlbGxhcy1jb20tYnJcL3dwLWNvbnRlbnRcL3VwbG9hZHNcL3NpdGVzXC81XC9nb25jYWx2ZXMtZS1icnV4ZWxhcy1hZHZvY2FjaWEtMy5qcGciLCJzbGlkZXNob3ciOiJiMGIxMDYyIn0%3D\">\n\t\t\t\t\t<div class=\"e-gallery-image elementor-gallery-item__image\" data-thumbnail=\"https:\/\/promovanainternet.com.br\/goncalvesebruxellas-com-br\/wp-content\/uploads\/sites\/5\/goncalves-e-bruxelas-advocacia-3-800x534.jpg\" data-width=\"800\" data-height=\"534\" aria-label=\"\" role=\"img\" ><\/div>\n\t\t\t\t\t\t\t\t\t\t\t<div class=\"elementor-gallery-item__overlay\"><\/div>\n\t\t\t\t\t\t\t\t\t\t\t\t\t\t<\/a>\n\t\t\t\t\t\t\t<a class=\"e-gallery-item elementor-gallery-item elementor-animated-content\" href=\"https:\/\/promovanainternet.com.br\/goncalvesebruxellas-com-br\/wp-content\/uploads\/sites\/5\/goncalves-e-bruxelas-advocacia-2-e1688655237980.jpg\" data-elementor-open-lightbox=\"yes\" data-elementor-lightbox-slideshow=\"b0b1062\" data-elementor-lightbox-title=\"goncalves-e-bruxelas-advocacia (2)\" data-e-action-hash=\"#elementor-action%3Aaction%3Dlightbox%26settings%3DeyJpZCI6MzY1MSwidXJsIjoiaHR0cHM6XC9cL3Byb21vdmFuYWludGVybmV0LmNvbS5iclwvZ29uY2FsdmVzZWJydXhlbGxhcy1jb20tYnJcL3dwLWNvbnRlbnRcL3VwbG9hZHNcL3NpdGVzXC81XC9nb25jYWx2ZXMtZS1icnV4ZWxhcy1hZHZvY2FjaWEtMi1lMTY4ODY1NTIzNzk4MC5qcGciLCJzbGlkZXNob3ciOiJiMGIxMDYyIn0%3D\">\n\t\t\t\t\t<div class=\"e-gallery-image elementor-gallery-item__image\" data-thumbnail=\"https:\/\/promovanainternet.com.br\/goncalvesebruxellas-com-br\/wp-content\/uploads\/sites\/5\/goncalves-e-bruxelas-advocacia-2-e1688655237980-800x558.jpg\" data-width=\"800\" data-height=\"558\" aria-label=\"\" role=\"img\" ><\/div>\n\t\t\t\t\t\t\t\t\t\t\t<div class=\"elementor-gallery-item__overlay\"><\/div>\n\t\t\t\t\t\t\t\t\t\t\t\t\t\t<\/a>\n\t\t\t\t\t<\/div>\n\t\t\t\t\t<\/div>\n\t\t\t\t<\/div>\n\t\t\t\t\t<\/div>\n\t\t\t\t<\/div>\n\t\t<div class=\"elementor-element elementor-element-88cfc59 e-flex e-con-boxed e-con e-parent\" data-id=\"88cfc59\" data-element_type=\"container\" data-e-type=\"container\">\n\t\t\t\t\t<div class=\"e-con-inner\">\n\t\t\t\t<div class=\"elementor-element elementor-element-236c01e elementor-widget elementor-widget-video\" data-id=\"236c01e\" data-element_type=\"widget\" data-e-type=\"widget\" data-settings=\"{&quot;youtube_url&quot;:&quot;https:\\\/\\\/youtu.be\\\/GJC4PxxGHNo?si=5PqUPigVgRcQsStD&quot;,&quot;autoplay&quot;:&quot;yes&quot;,&quot;play_on_mobile&quot;:&quot;yes&quot;,&quot;show_image_overlay&quot;:&quot;yes&quot;,&quot;image_overlay&quot;:{&quot;url&quot;:&quot;https:\\\/\\\/promovanainternet.com.br\\\/goncalvesebruxellas-com-br\\\/wp-content\\\/uploads\\\/sites\\\/5\\\/goncalves-e-bruxelas-advocacia-3.jpg&quot;,&quot;id&quot;:3652,&quot;size&quot;:&quot;&quot;,&quot;alt&quot;:&quot;&quot;,&quot;source&quot;:&quot;library&quot;},&quot;video_type&quot;:&quot;youtube&quot;,&quot;controls&quot;:&quot;yes&quot;}\" data-widget_type=\"video.default\">\n\t\t\t\t<div class=\"elementor-widget-container\">\n\t\t\t\t\t\t\t<div class=\"elementor-wrapper elementor-open-inline\">\n\t\t\t<div class=\"elementor-video\"><\/div>\t\t\t\t<div class=\"elementor-custom-embed-image-overlay\" style=\"background-image: url(https:\/\/promovanainternet.com.br\/goncalvesebruxellas-com-br\/wp-content\/uploads\/sites\/5\/goncalves-e-bruxelas-advocacia-3.jpg);\">\n\t\t\t\t\t\t\t\t\t\t\t\t\t\t\t\t<div class=\"elementor-custom-embed-play\" role=\"button\" aria-label=\"Reproduzir v\u00eddeo\" tabindex=\"0\">\n\t\t\t\t\t\t\t<i aria-hidden=\"true\" class=\"eicon-play\"><\/i>\t\t\t\t\t\t<\/div>\n\t\t\t\t\t\t\t\t\t<\/div>\n\t\t\t\t\t<\/div>\n\t\t\t\t\t\t<\/div>\n\t\t\t\t<\/div>\n\t\t\t\t\t<\/div>\n\t\t\t\t<\/div>\n\t\t\t\t<\/div>\n\t\t","protected":false},"excerpt":{"rendered":"<p>Conhe\u00e7a nosso escrit\u00f3rio Podemos ajud\u00e1-lo a atingir seus objetivos com sucesso. Conhe\u00e7a nosso escrit\u00f3rio Podemos ajud\u00e1-lo a atingir seus objetivos com sucesso.<\/p>\n","protected":false},"author":5,"featured_media":0,"parent":0,"menu_order":0,"comment_status":"closed","ping_status":"closed","template":"elementor_header_footer","meta":{"footnotes":""},"class_list":["post-4035","page","type-page","status-publish","hentry"],"_links":{"self":[{"href":"https:\/\/promovanainternet.com.br\/goncalvesebruxellas-com-br\/wp-json\/wp\/v2\/pages\/4035","targetHints":{"allow":["GET"]}}],"collection":[{"href":"https:\/\/promovanainternet.com.br\/goncalvesebruxellas-com-br\/wp-json\/wp\/v2\/pages"}],"about":[{"href":"https:\/\/promovanainternet.com.br\/goncalvesebruxellas-com-br\/wp-json\/wp\/v2\/types\/page"}],"author":[{"embeddable":true,"href":"https:\/\/promovanainternet.com.br\/goncalvesebruxellas-com-br\/wp-json\/wp\/v2\/users\/5"}],"replies":[{"embeddable":true,"href":"https:\/\/promovanainternet.com.br\/goncalvesebruxellas-com-br\/wp-json\/wp\/v2\/comments?post=4035"}],"version-history":[{"count":0,"href":"https:\/\/promovanainternet.com.br\/goncalvesebruxellas-com-br\/wp-json\/wp\/v2\/pages\/4035\/revisions"}],"wp:attachment":[{"href":"https:\/\/promovanainternet.com.br\/goncalvesebruxellas-com-br\/wp-json\/wp\/v2\/media?parent=4035"}],"curies":[{"name":"wp","href":"https:\/\/api.w.org\/{rel}","templated":true}]}}